 505.
190
What is the remainder when 5623473 is divided by 119?
9
What is the remainder when 63797801 is divided by 196?
193
Calculate the remainder when 82453 is divided by 2236.
1957
What is the remainder when 446656 is divided by 148360?
1576
What is the remainder when 116288 is divided by 37191?
4715
Calculate the remainder when 589010 is divided by 1122.
1082
What is the remainder when 134688 is divided by 49?
36
What is the remainder when 525194 is divided by 1563?
26
What is the remainder when 348345632 is divided by 167?
165
What is the remainder when 10219344 is divided by 2118?
2112
What is the remainder when 5518603 is divided by 59?
38
What is the remainder when 1733501 is divided by 24?
5
Calculate the remainder when 1567489 is divided by 522411.
256
What is the remainder when 340027964 is divided by 111?
110
Calculate the remainder when 90727 is divided by 29522.
2161
Calculate the remainder when 9105659 is divided by 178.
69
What is the remainder when 30390 is divided by 1688?
6
What is the remainder when 11685060 is divided by 35954?
10
What is the remainder when 302200 is divided by 10707?
2404
What is the remainder when 49200 is divided by 1265?
1130
Calculate the remainder when 23929330 is divided by 1899.
31
Calculate the remainder when 139530 is divided by 45914.
1788
Calculate the remainder when 8501714 is divided by 6689.
6684
Calculate the remainder when 4762771 is divided by 33306.
13
What is the remainder when 706604598 is divided by 65?
63
Calculate the remainder when 114339 is divided by 1638.
1317
Calculate the remainder when 1295895 is divided by 102.
87
What is the remainder when 685951 is divided by 2349?
43
Calculate the remainder when 12277662 is divided by 503.
438
What is the remainder when 5243312 is divided by 35?
32
What is the remainder when 605777 is divided by 121142?
67
What is the remainder when 75030998 is divided by 89?
82
What is the remainder when 168362316 is divided by 75?
66
Calculate the remainder when 1139273 is divided by 5159.
4293
Calculate the remainder when 97351 is divided by 9041.
6941
What is the remainder when 39630 is divided by 2812?
262
Calculate the remainder when 810844 is divided by 24.
4
Calculate the remainder when 4406 is divided by 15.
11
Calculate the remainder when 132192535 is divided by 38.
35
Calculate the remainder when 920621 is divided by 114920.
1261
What is the remainder when 647238059 is divided by 854?
853
Calculate the remainder when 9342627 is divided by 11.
8
Calculate the remainder when 294684442 is divided by 5657.
5655
Calculate the remainder when 437261 is divided by 948.
233
Calculate the remainder when 946255 is divided by 443.
7
What is the remainder when 1109106 is divided by 353?
333
What is the remainder when 3763 is divided by 3407?
356
What is the remainder when 11808519 is divided by 310?
309
Calculate the remainder when 442582 is divided by 17352.
8782
What is the remainder when 2178 is divided by 558?
504
What is the remainder when 1008049 is divided by 685?
414
What is the remainder when 4673716 is divided by 7092?
88
What is the remainder when 443797 is divided by 110856?
373
Calculate the remainder when 287775 is divided by 10021.
7187
Calculate the remainder when 351806685 is divided by 12.
9
Calculate the remainder when 1160648 is divided by 42971.
431
Calculate the remainder when 4845606 is divided by 68.
62
Calculate the remainder when 190572 is divided by 393.
360
Calculate the remainder when 10289653 is divided by 137.
131
What is the remainder when 3218112 is divided by 247541?
79
Calculate the remainder when 4216233 is divided by 1868.
157
Calculate the remainder when 19367 is divided by 1187.
375
Calculate the remainder when 437267 is divided by 43720.
67
What is the remainder when 13999 is divided by 333?
13
What is the remainder when 3277970 is divided by 130?
20
What is the remainder when 12592956 is divided by 3061?
2
Calculate the remainder when 459902 is divided by 3739.
5
Calculate the remainder when 3361327 is divided by 1680646.
35
Calculate the remainder when 20893516 is divided by 2214.
2212
What is the remainder when 6028550 is divided by 2308?
54
What is the remainder when 235361 is divided by 764?
49
What is the remainder when 215532 is divided by 1409?
1364
Calculate the remainder when 47359 is divided by 1977.
1888
Calculate the remainder when 11472110 is divided by 1712.
1710
What is the remainder when 1881215 is divided by 313487?
293
Calculate the remainder when 8680 is divided by 4208.
264
Calculate the remainder when 38662 is divided by 37889.
773
What is the remainder when 2101034 is divided by 87543?
2
Calculate the remainder when 119890 is divided by 113.
110
Calculate the remainder when 30561618 is divided by 7.
3
What is the remainder when 173209 is divided by 6695?
5834
What is the remainder when 25634301 is divided by 452?
25
What is the remainder when 22492392 is divided by 4143?
45
Calculate the remainder when 3266229 is divided by 42415.
274
Calculate the remainder when 2999 is divided by 568.
159
Calculate the remainder when 70158 is divided by 590.
538
What is the remainder when 13583421 is divided by 32?
29
What is the remainder when 189223352 is divided by 3254?
3252
What is the remainder when 2873354 is divided by 71?
55
Calculate the remainder when 1035325 is divided by 60899.
42
Calculate the remainder when 855385 is divided by 10056.
625
What is the remainder when 692843 is divided by 34531?
2223
What is the remainder when 84376 is divided by 207?
127
Calculate the remainder when 333869 is divided by 14897.
6135
What is the remainder when 87360 is divided by 16985?
2435
Calculate the remainder when 2912 is divided by 1917.
995
What is the remainder when 79193 is divided by 5263?
248
What is the remainder when 20134807 is divided by 10?
7
What is the remainder when 952719 is divided by 11618?
43
Calculate the remainder when 5238748 is divided by 1746224.
76
What is the remainder when 3305846 is divided by 826461?
2
What is the remainder when 13468289 is divided by 120?
89
What is the remainder when 58099454 is divided by 16?
14
Calculate the remainder when 17285553 is divided by 240077.
9
What is the remainder when 1162098 is divided by 387363?
9
Calculate the remainder when 388529 is divided by 39.
11
What is the remainder when 12995 is divided by 38?
37
Calculate the remainder when 173615 is divided by 57743.
386
Calculate the remainder when 70466 is divided by 8519.
2314
Calculate the remainder when 106370 is divided by 4788.
1034
Calculate the remainder when 47829 is divided by 2108.
1453
Calculate the remainder when 2638350 is divided by 64350.
0
Calculate the remainder when 281783 is divided by 1409.
1392
What is the remainder when 94189 is divided by 2354?
29
Calculate the remainder when 10215068 is divided by 96.
92
What is the remainder when 973603 is divided by 7?
1
What is the remainder when 457570 is divided by 375?
70
What is the remainder when 21886779 is divided by 7295593?
0
Calculate the remainder when 1192835240 is divided by 334.
332
What is the remainder when 479578 is divided by 283?
176
What is the remainder when 3043021 is divided by 195?
46
Calculate the remainder when 6435827 is divided by 3449.
3442
What is the remainder when 47348 is divided by 47335?
13
Calculate the remainder when 24392016 is divided by 218.
214
What is the remainder when 111179 is divided by 654?
653
What is the remainder when 3217923 is divided by 227?
198
What is the remainder when 10914353 is divided by 212?
169
What is the remainder when 100581 is divided by 3?
0
Calculate the remainder when 9570139 is divided by 1051.
784
What is the remainder when 249797 is divided by 145?
107
Calculate the remainder when 337548 is divided by 1058.
46
What is the remainder when 552017864 is divided by 82?
14
Calculate the remainder when 13457744 is divided by 303.
302
Calculate the remainder when 3730990 is divided by 1159.
169
Calculate the remainder when 61369689 is divided by 6136968.
9
Calculate the remainder when 316609 is divided by 105526.
31
What is the remainder when 2214690 is divided by 2214682?
8
Calculate the remainder when 9354623 is divided by 7.
5
What is the remainder when 24643582 is di